et i be y(-7). Suppose 8*j = -7*j + i. List the prime factors of j.
743
Let f = 111273 + -73871. List the prime factors of f.
2, 18701
Let k(u) = u**2 - 27*u + 28. Let a be k(27). Let x = a + -31. List the prime factors of 99*(4 - (0 - x)).
3, 11
What are the prime factors of ((-55222)/(-4)*(-120)/180)/((-7)/21)?
27611
Let p(c) = 41*c**2 + 22*c - 183. List the prime factors of p(-19).
2, 5, 71
Let p = 57 - 49. Suppose 552 = p*s - 0*s. What are the prime factors of s?
3, 23
Suppose -k + 0*k + 4299 = 0. Suppose k + 1187 = 13*l. What are the prime factors of l?
2, 211
Let t(a) = -6*a + 164*a**2 - 165*a**2 - 1 - 4. Let m be t(-2). List the prime factors of (20/m)/((-34)/(-459)).
2, 3, 5
Let s = -33804 - -48525. Suppose s = 10*t + 11*t. List the prime factors of t.
701
Suppose 0 = 6*y - 3*z - 256257, -5*y - 137006 = -z - 350561. What are the prime factors of y?
2, 19, 281
Suppose 3*k = -4*a - 28, -a = 2*k + 12 - 0. What are the prime factors of (863 - 2)/((-1)/(a/4))?
3, 7, 41
What are the prime factors of 14044 + 60/(-4) + -16?
3, 173
Let a = -230 - -155. Let x = a + 105. What are the prime factors of x?
2, 3, 5
List the prime factors of 10/(-55) + 4229962/242.
7, 11, 227
Suppose -s + 12378 = -2*d - 876, 0 = 3*s - d - 39757. What are the prime factors of s?
2, 3313
Let g be ((-6)/(-18))/((-1)/(-12)). Suppose -6*b + g*i + 983 = -3*b, 5*b - 5*i - 1630 = 0. What are the prime factors of b?
3, 107
Let c = -119 - -119. Let u = 10 + -8. Suppose 0 = -c*h - u*h + 3*a + 213, -h + 5*a = -103. What are the prime factors of h?
2, 3
Suppose 34*k - 38 = 53*k. Let x(p) = -416*p + 17. List the prime factors of x(k).
3, 283
Suppose -2*s = -5*g - 14005, 9*s + 2*g = 4*s + 34940. Suppose -s = -15*o - 0*o. List the prime factors of o.
2, 233
Let q(f) = -f**3 - 13*f**2 + 10*f + 16. Let n be 15 + -33 - (1 - 0 - 4). Let s be q(n). Suppose -s = -11*r + 7*r. List the prime factors of r.
79
Suppose -5*g - 3*j + 2364 = 0, -j - 2554 + 182 = -5*g. What are the prime factors of g?
2, 3, 79
Let r(n) = n**3 + 3*n**2 - 34*n + 34716. List the prime factors of r(0).
2, 3, 11, 263
Suppose -6*n + 6 = -4*n + d, 20 = -5*d. Suppose -12 = -n*l - 37, 0 = y + l - 61. What are the prime factors of y?
2, 3, 11
Suppose 0 = -z + 5*y - 18, 0 = 4*z - 3*y + 4. Suppose -2*t - 2*p = 2*t - 556, -z*p + 693 = 5*t. List the prime factors of t.
137
Let c = 2 - 2. Let n = -183 + 191. Let b = n - c. What are the prime factors of b?
2
Let o(v) = -v**3 + v**2 - v + 189. Let u be -3 - 4/(-8)*(-1 + 7). List the prime factors of o(u).
3, 7
Let k be -4 + (6 - -2) - 540. Let z = k - -907. What are the prime factors of z?
7, 53
Suppose -8764 = -2*j + 3*r, 0 = j - 7*r + 6*r - 4381. What are the prime factors of j?
29, 151
Let r(h) = h**3 + 17*h**2 + 30*h + 4. Let q be r(-15). Let a be 36*4/48*q. List the prime factors of (99/a)/(0 - (-3)/36).
3, 11
Let a be ((-6)/(-12))/(1/12). Let i be ((-5)/15)/(-5 + 145/30). Suppose -a*z - 89 = -m - 7*z, -3*z + 174 = i*m. List the prime factors of m.
3, 31
Suppose b - 4*b + 52 = 2*d, -b - d = -18. Let g = 46 - b. Let h = g + -4. What are the prime factors of h?
2, 13
Suppose 7*f = 32 + 3. Let u be (f/(-2))/((-2)/(-4)). Let l(s) = -s**3 - s**2 + 3*s + 5. List the prime factors of l(u).
2, 3, 5
List the prime factors of -2956*(-3)/((-54)/(-45)) - -4.
2, 3697
Let r(f) = 13*f**2 - 7*f + 6. Let h be r(4). Let a = -182 - -49. Let c = a + h. What are the prime factors of c?
53
Suppose 15*b - 11*b = 0, 0 = -4*s + 2*b + 4464. What are the prime factors of s?
2, 3, 31
Let t(v) = 12*v - 2*v**2 - 4*v**2 + 10*v**2 - 12 - 2*v. What are the prime factors of t(-8)?
2, 41
Let a = 13634 + -10333. List the prime factors of a.
3301
Let s = -135 - -129. List the prime factors of s/4*(-4 - (-10276)/(-21)).
2, 5, 37
Let k be ((-75)/(-20) - 6)/((-3)/(-8)). Let v(w) = 11*w**2 + 18*w + 12. What are the prime factors of v(k)?
2, 3, 5
Let j = -376 + 367. What are the prime factors of 5 - (1 + -291 + j/(-3))?
2, 73
Let y(b) = -2*b**3 - 2*b**2 + 2*b. Let x be y(-2). Suppose 0*z - d + 431 = x*z, 5*z = 4*d + 565. What are the prime factors of z?
109
Let g(a) = -195*a + 749. What are the prime factors of g(-12)?
3089
Let x = -13184 - -13514. List the prime factors of x.
2, 3, 5, 11
Let q be (-24)/64*-10 - 6/8. Suppose 0 = 5*z + 24 - 9, 1011 = 5*m + q*z. Suppose -x + 5 + m = 0. What are the prime factors of x?
11, 19
Let g(m) = m**2 - 13*m + 14. Let f be g(13). List the prime factors of 16346/f + (-123)/(-287).
2, 73
Suppose 283*s - 275*s + 40 = 0. What are the prime factors of s - -6 - -435 - 0?
2, 109
Let s(n) = n - 13*n - 27 + 4*n. Suppose 35 = -12*z + 7*z. What are the prime factors of s(z)?
29
Let j(f) = -f**3 + 9*f**2 + 11*f + 7. Suppose 0 = 18*k - 52 - 128. List the prime factors of j(k).
17
Let t be (306 - -19) + 8/(-4). Suppose 2*d - 3*d + b = -t, -4*d + b = -1307. List the prime factors of d.
2, 41
Let v = 11151 - 7718. List the prime factors of v.
3433
Suppose w - 723 = -142. Let a = w - 360. List the prime factors of a.
13, 17
Suppose -4*j = 5*u - 50974, u + 4*j - 8806 = 1376. List the prime factors of u.
2, 5099
List the prime factors of ((-70)/(-4))/((-1295)/(-4070)*(-2)/(-1862)).
5, 7, 11, 19
Let i(s) = s**3 - 17*s**2 - 20*s + 34. Let z be i(18). Let q be 20/120*3*2. What are the prime factors of (-5868)/(-60) - (q - z/(-10))?
97
Suppose 0 = -5*b - 18*u + 19*u + 390, -3*u = 2*b - 156. What are the prime factors of -2 - ((-44720)/b - (-1)/3)?
571
Let k be 5/(-1*((-95)/(-45) - 2)). Let b = 49 - k. What are the prime factors of b?
2, 47
Let y be 4974/(-30) - (-5)/(-25). Let w = 209 + y. List the prime factors of w.
43
Let y = 4314 + -3788. List the prime factors of y.
2, 263
Suppose -27*z = -9630 - 117. Let a = 738 - z. What are the prime factors of a?
13, 29
Suppose -886 = 4*r - 4406. Let c = r + -471. List the prime factors of c.
409
Suppose 0 = -19*c + 10*c + 45. Let z(s) = -2*s**2 + 7 + 0*s**2 + s**2 + 9*s. List the prime factors of z(c).
3
Suppose 0 = -231*a + 8427135 + 3930441. List the prime factors of a.
2, 3, 743
Let p(k) = 2*k + 6*k**2 - 7*k + 0*k**2. Let y be p(8). Suppose -7*i - y = -9*i. What are the prime factors of i?
2, 43
Suppose 12*l - 50*l - 304 = 0. What are the prime factors of ((-27)/(-36))/(l/(144128/(-12)))?
2, 563
Let h(l) = 625*l**2 - 10*l - 9. Let n be h(-1). Suppose n*s - 631*s + 1825 = 0. List the prime factors of s.
5, 73
Let p(u) = -79*u**2 + 6*u - 3. Let x(l) = -157*l**2 + 12*l - 6. Let j(h) = 11*p(h) - 6*x(h). What are the prime factors of j(1)?
2, 5, 7
Suppose -6*s + 53358 - 307472 = -20*s. List the prime factors of s.
7, 2593
Let d(q) be the first derivative of -q**4/2 - 4*q**3 - 9*q**2 + 18*q - 12. What are the prime factors of d(-9)?
2, 3, 37
Suppose -4567350 = -190*w + 2299440. What are the prime factors of w?
3, 7, 1721
Suppose -5*q + 2*u = 227, 9*q = 4*q + u - 226. What are the prime factors of q/6*-179 - 3/(-6)?
17, 79
Let c(t) = -2*t - 3. Let a be c(-3). Let v(j) = 12*j**3 - j. Let z be v(1). Suppose a*k = 56 - z. What are the prime factors of k?
3, 5
What are the prime factors of 111*158/2*(27 + 1680/(-72))?
11, 37, 79
Let r = -1603 - -5416. What are the prime factors of (-90)/(-135)*r/2?
31, 41
Suppose -5*c + 5*q + 10650 = 0, 22*q = -2*c + 19*q + 4275. What are the prime factors of c?
3, 79
Let i = 3934 - 459. Suppose 88*w + i = 93*w. List the prime factors of w.
5, 139
Suppose j - 20 = -3*j. Suppose 0 = 4*o, -3*o = -b - b + 548. Suppose -j*v + b = -156. List the prime factors of v.
2, 43
Suppose 347*d - 4866525 - 1373288 = 5147686. List the prime factors of d.
3, 10939
List the prime factors of (-47671)/(-5) + (-33)/165.
2, 3, 7, 227
Let v(m) = 51828*m**2 - 482*m - 483. List the prime factors of v(-1).
51827
Let d = 2871 + 770. Let b = d - 2101. What are the prime factors of b?
2, 5, 7, 11
Let c = -12775 + 21807. What are the prime factors of c?
2, 1129
What are the prime factors of -660*(-11 - 74/10)?
2, 3, 11, 23
Suppose -4*s = 3*m + 2*m - 535, -5*s + 2*m + 677 = 0. Let o be s/(-20)*(-8)/(-3). Let h = 93 - o. What are the prime factors of h?
3, 37
Let x(s) = -2*s - 14. Let f be (18 - 19)/(2 + 10/(-4)). Suppose -5*q + 3*g + 0*g = 79, f*q = -3*g - 19. List the prime factors of x(q).
2, 7
Suppose -2*z = -3*m - 22970, 61955 = 5*z - 5*m + 4515. List the 